2*d**3 - 6 - d**3 - 6*d. Let b be m(7). What is the highest common factor of b and q?
38
Let q(o) = -36*o**3 - 2*o**2 - 10*o - 14. Let j = 125 + -127. Let r be q(j). Calculate the greatest common factor of 13 and r.
13
Let n = -9317 - -9365. Calculate the greatest common factor of n and 1840.
16
Let h be 9*130/(-117)*-23. What is the highest common factor of 506 and h?
46
Let n = 0 - -7. Let a = -204 - -604. Suppose -2*r - a = -n*r. Calculate the greatest common factor of 10 and r.
10
Let x be -31*1/(-1)*1*2. Let s(c) = 3*c**2 - 1. Let u be s(-1). Suppose 5*h + 3*p = u*p + 773, 4*p = -h + 147. Calculate the greatest common factor of x and h.
31
Suppose -74*v = -95*v + 2457. Let j be 446/6 + 78/v. Calculate the greatest common divisor of j and 9.
3
Suppose 37*d - 34*d + 2*u = 101, 2*u = -2*d + 66. What is the greatest common factor of 130 and d?
5
Let a = 1562 - 981. Suppose 2*w + a = 3*v + w, 5*w - 410 = -2*v. Calculate the highest common factor of v and 39.
39
Suppose -5*y = -2*p + 234, 449 + 97 = 4*p + 3*y. Calculate the highest common factor of p and 84.
12
Let f = -44 + 41. Let l(z) = -13*z**3 - 7*z**2 - 10*z + 1. Let x be l(f). Let k be 30 + (2/1)/(-2). What is the greatest common factor of k and x?
29
Let a be -2 + ((-42)/(-3) - -2). Let j(s) = -7*s + 48. Let i be j(6). Let d be i/(-9)*(-1155)/5. Calculate the highest common divisor of a and d.
14
Let j = -17 - -24. Let t = 161 + -157. Suppose -10 = -t*w + 46. What is the greatest common divisor of w and j?
7
Let y(h) be the first derivative of -26 + 0*h - 45/2*h**2. Let w be y(-1). Calculate the greatest common factor of 90 and w.
45
Let a(y) = -4*y**2 - 200*y**3 + 402*y**3 - 217*y**3 - 2 + 5 - 5*y. Let t be (-2 - -1)/((-2)/(-4)). Let p be a(t). What is the highest common factor of 78 and p?
39
Suppose -q - 3*q = -108. Let n = q + -25. Let o be (-5 + n)/((-9)/15). Calculate the highest common divisor of 5 and o.
5
Let s(j) = -j**3 + 15*j**2 - 2*j + 45. Let c be s(15). Suppose -46*u = -31*u - 150. What is the greatest common divisor of c and u?
5
Let t = 61 - 43. Suppose -22*p + t*p - 3*w = -189, -p + w = -49. What is the greatest common factor of p and 128?
16
Let i = 71 - 69. Suppose -i*b = 4*z - 300, 4*z + 0*b - 314 = 5*b. Let v = z + -31. Calculate the highest common divisor of 15 and v.
15
Let g = -34 + 38. Suppose 3 = -g*b + 11. Let i(m) = 3*m**2 + 4*m - 7. Let x be i(b). Calculate the greatest common divisor of x and 39.
13
Suppose g - 107 = 5*u, 2*g - 4*u - 266 = -g. Let w = g - -143. What is the greatest common factor of w and 9?
9
Suppose 0 = 130*i - 132*i - 10, -4*x - 4*i = -664. What is the greatest common factor of 266 and x?
19
Suppose 376213 - 42553 + 3117 = 49*x. Calculate the highest common factor of 87 and x.
87
Let r = 143 + -176. Let h(f) = -5*f + 59. Let m be h(r). Calculate the greatest common divisor of 14 and m.
14
Let l be (92/(-414))/((-6)/1188). What is the highest common factor of l and 26026?
22
Let i = -35 - 104. Let r = 176 + i. Calculate the greatest common factor of 185 and r.
37
Let v = -10 - -14. Suppose -130*o + 1584 = -86*o. What is the greatest common factor of v and o?
4
Let d = -176 - -184. Suppose d*k + 18*k - 156 = 0. What is the greatest common factor of 34 and k?
2
Let d be (-639)/(-45) - 3/15. Suppose -d*h + 267 = -125. Calculate the greatest common divisor of h and 56.
28
Let l = -306 + 333. Suppose -3*q - l = -201. Calculate the highest common divisor of q and 522.
58
Let r(h) = h**3 - 6*h**2 - 15*h - 8. Let t be r(8). Let x = 2 - t. Suppose -7 = x*n + 8*c - 3*c, 5*c + 70 = 5*n. What is the highest common factor of n and 27?
9
Let b = 221 + -129. Let x = 610 + -574. Let l = b - x. What is the greatest common divisor of 8 and l?
8
Let q = 62 + -57. Suppose 0 = -q*h + 81 + 69. Suppose 5*d - 5*w - h = 0, -3*d - 2*w = -0*w - 28. What is the highest common divisor of d and 32?
8
Let c(j) = j**3 - 40*j**2 + 77*j - 41. Let m be c(38). Let r(s) = -4*s**3 - 10*s**2 - 2. Let l be r(m). What is the highest common factor of l and 432?
16
Let n(i) = i**3 + 5*i**2 + 65*i + 247. Let m be n(-4). Let j be (-9 + 2)*(-6)/2. Calculate the highest common divisor of j and m.
3
Suppose 0*d + 3*d - 744 = 0. Let h = 404710 + -404702. Calculate the greatest common divisor of d and h.
8
Let m be (-1)/4 - 792/32. Let i be 46 + 6/(-15) + (-60)/m. Calculate the highest common divisor of 9 and i.
3
Suppose -4*h + 204 + 36 = 0. Suppose 3*y = -2*o + 14, 115*o - y = 116*o - 10. What is the highest common factor of h and o?
4
Let y(m) = -m + 75. Let d be y(19). Let b be (d/(-3))/(-2)*(-99)/(-22). Calculate the greatest common factor of b and 63.
21
Let j = 4090 + -3945. Calculate the greatest common divisor of j and 841.
29
Let j(p) = 110*p + 1753. Let f be j(14). What is the greatest common divisor of 111 and f?
37
Let s(f) = -2*f**3 - 56*f**2 - 15*f + 45. Let u be s(-28). Calculate the highest common factor of u and 3410.
155
Let y = 173 - 29. Let k be (((-78)/(-4))/(-1))/(y/(-192)). Calculate the highest common divisor of k and 14.
2
Suppose -11 - 53 = -4*g. Let y(u) = -40*u - u**3 - 4*u**2 - 11 - g*u**2 + 2*u**2. Let c be y(-16). What is the highest common factor of c and 13?
13
Let z(g) = 29*g - 35 + 12*g**2 - 33 - g**3 - 31 + 90. Let v be z(14). What is the highest common factor of 1 and v?
1
Suppose 66*n - 62799 = -61215. Suppose 0 = l + i - 18, -5*l - 3*i + 90 = -2*i. Calculate the greatest common divisor of n and l.
6
Let j be 71 - (1 - (16 - 6)). Calculate the highest common divisor of 890 and j.
10
Suppose f = 3*j + 3903, -2*f = -41*j + 46*j - 7740. What is the highest common divisor of f and 30?
15
Let g = -12056 + 12111. Calculate the highest common factor of g and 690.
5
Let j = -2 - 5. Suppose 2*t = 3*f + 3*t + 133, -3*f = 3*t + 141. Let k = j - f. Calculate the greatest common factor of k and 288.
36
Suppose -551 = o + z, -5*z - 571 = 6*o - 5*o. Let s be 446/26 - -14*6/o. Calculate the highest common factor of 323 and s.
17
Let a = 18672 + -16769. What is the highest common factor of a and 2?
1
Suppose -120 = 69416*c - 69456*c. Suppose -4*l + 65 = l. What is the greatest common factor of l and c?
1
Let l = 14848 + -14792. Calculate the greatest common factor of 424 and l.
8
Let f be 18/(-45)*130/(-4). Suppose 0 = -6*t + 3*t + 1443. Calculate the greatest common factor of t and f.
13
Let s = -481 - -1145. Suppose 160 = -14*t + s. What is the highest common factor of 30 and t?
6
Let v(h) = h**3 + 16*h**2 - h - 11. Let q be v(-16). Suppose q*y - 10 - 10 = 0. Let f be (8/16)/(1/y). What is the greatest common divisor of f and 4?
2
Let x(q) = -3*q**2 + 268*q - 342. Let p be x(86). Let u be 0 - (-1 + -33 + -3). Calculate the greatest common divisor of u and p.
37
Suppose 0 = 144*v - 157*v + 260. Calculate the greatest common divisor of v and 635.
5
Let p(c) = c**2 - 11*c + 15. Let g = -50 + 60. Let x be p(g). Suppose -3*o + 125 = 2*o + x*u, 2*o = 2*u + 30. What is the highest common factor of 4 and o?
4
Suppose -m - 93 = -32*m. Let o be (80/28)/(m + 397/(-133)). What is the highest common divisor of o and 20?
10
Let s = 54 - 51. Suppose -3*j + 15 = 3*f, 11 - 2 = s*f + 5*j. Calculate the greatest common divisor of f and 16.
8
Let m be (154 - 3 - -3)/((-8)/(-20)). Suppose 5*o - 5*l + m = 0, 0 = 2*o + 3*l + 50 + 109. Let r = -23 - o. What is the greatest common factor of 11 and r?
11
Let q be (-188)/(8 - (-3255)/(-406)). Calculate the highest common factor of 348 and q.
116
Suppose 5*g - 19*f - 32228 = -21*f, f = 3*g - 19328. Calculate the highest common factor of 36 and g.
36
Let x(y) = 21 + 7 + 46*y + 2*y - 2. Let v be x(3). What is the highest common factor of v and 17?
17
Let r(z) = z**2 + 20*z + 23. Let m(w) = w**2 + 16*w + 29. Let j = -56 + 44. Let g be m(j). Let b be r(g). Calculate the highest common factor of 52 and b.
4
Let g(w) = 3*w - 33. Let h be g(47). Suppose h = 4*p - y, -y = p - 29 + 2. What is the highest common factor of 27 and p?
27
Let q(i) = -4*i + 105. Let k be q(0). Let o be ((-36)/(-27))/(4/k). What is the highest common factor of o and 21?
7
Suppose 3*c + f + 996 = -2*f, c + 362 = 5*f. Let m = -163 - c. Calculate the highest common divisor of 6 and m.
6
Let v(j) = -2*j**3 + 2*j + 17*j**2 + 4*j + 0*j - 5*j + 18 + 0*j. Let x be v(8). What i